 -3*r + 7. Let n(q) = 5*a(q) - 6*l(q). What is the units digit of n(-3)?
8
Let n(h) = -h**2 - h + 2. Let r be n(0). Suppose i = -3*i - r*a + 60, 9 = i - a. What is the units digit of i?
3
Let k(j) = -5 - 3*j + 8 + 5 + 2*j. What is the units digit of k(4)?
4
Let o be (-1)/2*6*-2. Suppose -3*p + o = -3. Suppose -p*f + 9 = 3*s, -s - 2*f + 18 = 3*s. What is the units digit of s?
6
What is the units digit of 28/35 + 783/15?
3
Let a(w) = -w**2 + w + 143. What is the hundreds digit of a(0)?
1
Let u be 4/(-18) - (-6)/27. Suppose u = -4*b - b + 165. What is the units digit of b?
3
Suppose y - 63 = -r, 3*y = -5 - 4. Suppose -r = -5*h + 54. What is the units digit of h?
4
What is the tens digit of 30 + 0 - 0/(-15)?
3
Let n(o) = -3*o - 14. What is the units digit of n(-5)?
1
Let n be -17*3*2/6. Let g = -5 - n. What is the tens digit of g?
1
Let b = -137 + 169. What is the units digit of b?
2
Let m(x) = 2*x + 5. Let r(g) = -2*g - 6. Let u(p) = -3*m(p) - 2*r(p). Let q be u(-7). Let z = -7 + q. What is the units digit of z?
4
Let n(o) = -o**3 + 5*o**2 + 7*o + 2. Let l be n(6). Let u = l - 5. Suppose -7 = u*w - 34. What is the units digit of w?
9
Let s(k) be the second derivative of -3/2*k**2 + 1/3*k**4 + 0 - 1/6*k**3 - 2*k + 1/20*k**5. What is the units digit of s(-4)?
1
Let j = -181 + 258. What is the tens digit of j?
7
Suppose z = -4*a + 2*z + 5, -a - z = -5. Suppose 5*j = a*j + 9. Suppose -j*b - 30 = -5*b. What is the tens digit of b?
1
Let d = 77 + 26. What is the hundreds digit of d?
1
Let x be (-3)/12 - (-3)/(-4). Let s(g) = 0*g + g + 6 - 3*g**3 - 5. What is the units digit of s(x)?
3
Suppose -6 = -3*v + 42. Suppose -4 = -j - 2*o, 3*o = 3*j + 5 + 1. Suppose 0 = -4*f + y + 38, 2*f - 3*y + 2 - v = j. What is the units digit of f?
0
Let s(h) = -6*h + 7. Let y(t) = 3*t + 5. Let g(u) = -2*u - 3. Let r(m) = 8*g(m) + 5*y(m). Let a(d) = -24*r(d) + 3*s(d). What is the units digit of a(2)?
9
Suppose -2*y + 26 = 3*p + 2*y, -3*p - 3*y + 24 = 0. Let j(f) = f**3 - 4*f**2 - 6*f - 6. What is the tens digit of j(p)?
3
Suppose 0 = a + 2. What is the units digit of (2 + (-2 - 6))*a?
2
Let p = -1 - -7. What is the units digit of (2/p)/(2/54)?
9
Let q = -6 - -10. Let c(f) = -f**3 - 19*f**2 - 19*f - 17. Let x be c(-18). Let o = q + x. What is the units digit of o?
5
Let k = 3 - 0. Suppose -2*z - 4 = -k*z. Let o = 5 - z. What is the units digit of o?
1
Suppose -2*h + 2 = m + 1, 3*m = h + 3. What is the tens digit of m/(-2)*-8*7?
2
Let j = 101 + -69. What is the tens digit of j?
3
Let o = -13 + 38. What is the units digit of o?
5
What is the units digit of 4 - -71 - (3 - 5)?
7
What is the tens digit of 1/((7 + -5)/388)?
9
Suppose -3*g = -6*g + 6. Suppose -5*l + 4 = 4*c, 0 = -2*l - g*l + 5*c + 36. What is the units digit of l?
4
Suppose -o = 2*o + 15, 5*h - 2*o = -110. Suppose 13 - 43 = 5*p. What is the units digit of 8/h + (-80)/p?
3
Let r(q) = -q**3 - 7*q**2 + 7*q + 7. What is the units digit of r(-8)?
5
Suppose -3 = 3*g - l, -3*g + 5*l = 3*l. What is the tens digit of (-12)/(9/6 + g)?
2
Let w(a) = 11*a - 2. What is the tens digit of w(10)?
0
Let b be (-8)/5 + 4/(-10). Let i be (-10)/(2 - 1)*b. What is the units digit of i/2 + (-2 - 0)?
8
Suppose v = -r + 3, -12 = -4*v - 2*r + r. Suppose 3*q = -v*c, c + 2*c + 12 = 0. What is the units digit of q?
4
Suppose t = b + 2 + 8, 6 = 3*t + 5*b. Let s = t + -3. Suppose -2*l - 2*l = -s. What is the units digit of l?
1
Let n(y) = y**3 - y**2 + y + 24. Let b be n(0). Suppose b = -l + 5*l + 2*k, l = -2*k + 9. What is the units digit of l?
5
Suppose -1 = -5*l + 29. What is the units digit of l?
6
Let t(l) = 2*l**3 - 6*l**2 + 3*l + 1. Let c be t(4). Let s = c - 27. What is the units digit of s?
8
Suppose 4*t - 3 = 9. Suppose -t*c + c = -78. What is the units digit of (-1)/(0 + (-3)/c)?
3
Let l(b) = -b**3 + 9*b**2 + 12*b - 4. What is the units digit of l(10)?
6
What is the tens digit of (127 - (8 + -4)) + -5?
1
Let a(n) = -5*n**3 - 4*n**2 - 3*n + 1. What is the hundreds digit of a(-3)?
1
Suppose -2*b - b = -n + 92, n - 67 = -2*b. What is the tens digit of n?
7
Suppose -3*i + 18 - 3 = 0. Let p = -37 - -35. Let c = p + i. What is the units digit of c?
3
Let q(z) = -z**3 + 3*z**2 + 3*z + 3. Let h be q(-2). Suppose -2 = d - h. Let b = d + -6. What is the units digit of b?
9
Let g(v) = -v**3 + 6*v**2 - 4. What is the units digit of g(5)?
1
Let f(q) = -q**2 + 3*q + 52. What is the tens digit of f(0)?
5
Let y be (1/2)/(2/4). Let r be (-3)/6*(-20)/y. Let z = r + -3. What is the units digit of z?
7
Suppose -3*m - 39 = -3*y, -3*m + m = 5*y - 58. What is the units digit of y?
2
Let q = 251 - 161. What is the units digit of q?
0
Suppose 36 = 2*g + 108. Let a = 62 + g. What is the units digit of a?
6
Let v(r) = r + 9. Suppose 2*q = 2*g + 38, -3*q + 4*g + 33 = -25. Suppose 4*j + 2*x = -q, j + 3*x = -x + 13. What is the units digit of v(j)?
2
Let z(i) = 2*i**2 - 4*i - 1. Let w be z(3). Suppose -5*j - 40 = -w*u, 2*u + 3 - 24 = j. What is the tens digit of u?
1
Suppose -g + 3 + 1 = 0. Let k(o) = -2*o - g*o + o + 4*o. What is the units digit of k(-9)?
9
Let v = -34 + 10. Let s = v + -1. Let g = s + 41. What is the tens digit of g?
1
What is the tens digit of 1 + (3 - -34) + 4?
4
Suppose -x - 3*x + 39 = -5*i, 2*i = -3*x + 58. Let m = x + -13. What is the units digit of m?
3
Suppose -x = 3*x + 8, -2*a - 5*x + 4 = 0. Let q(i) = 2 + i**2 + 2 + 4 - a*i. What is the units digit of q(7)?
8
Suppose g = -3*w + 8, -2*g = -w + 3*w. Suppose 2*y + 0 - w = 0. What is the units digit of y?
2
Suppose -172 = -r - 0*r - 2*i, -r + 4*i + 142 = 0. What is the tens digit of r?
6
Let p = 151 - 96. What is the units digit of p?
5
Suppose -2*u - 3*u + 25 = 0. Let b(k) = k**2 - 4*k. Let d be b(u). Suppose 7*y - d*y = -z + 21, 5*y - 80 = -5*z. What is the tens digit of z?
1
Suppose 3*n = -0*g + 2*g - 14, -4*n = 3*g - 4. Let d(t) = t**2 - t - 5. What is the units digit of d(g)?
7
Let f = -172 + 242. Let x = f - 46. What is the tens digit of x?
2
Suppose -4*j = 5*h - 56, -48 = -0*h - 4*h - 4*j. What is the units digit of h?
8
Let q(k) = 26*k + 2. Let h(y) = 13*y + 1. Let p(r) = -9*h(r) + 4*q(r). What is the tens digit of p(-1)?
1
Let l(o) = -o - 1. Let f(p) = -7*p - 1. Let x(s) = -f(s) + 6*l(s). Let r be x(9). Suppose 3*k = -3*v, -r = -0*v - 2*v - k. What is the units digit of v?
4
Let t(f) = -f**2 + 7*f. Let x be t(5). Suppose -5*p - 10 = 0, -4*v + p - x = -8*v. Suppose -4*c - 31 = -v*k, -4*k + 5*c = 21 - 61. What is the units digit of k?
5
Let u = 67 + -170. Let s = -71 - u. What is the units digit of s?
2
Suppose 9*q - 5*q = 404. Let t = q + -59. What is the tens digit of t?
4
Suppose -3*p = 2*p - 255. What is the tens digit of p?
5
Suppose 0*r = 4*r + 8, 0 = p + 3*r - 23. What is the tens digit of p?
2
Suppose 2*h = -3*h + 195. Let q = -21 + h. What is the tens digit of q?
1
Let w = -268 + 472. What is the units digit of w?
4
Suppose p + 3 = 21. What is the tens digit of p?
1
Suppose 0*g + 124 = 4*g. Suppose 5*l = g + 74. What is the tens digit of l?
2
Let g(m) = -m**3 + m**2. Let t be g(-1). What is the tens digit of t/6 + 38/3?
1
Suppose g + 2*v = -g - 66, -2*v = -5*g - 158. What is the tens digit of 15/(-10)*g/3?
1
Suppose 5*n = -j + 4 + 4, 0 = 2*j + 3*n - 44. What is the units digit of j?
8
Let r = 0 - -9. Suppose 0 = 4*t - 20, 166 = 5*k + 2*t - r. Suppose c + 2*c = -5*g + 31, -4*g = -c + k. What is the units digit of c?
7
Suppose 0 = 4*d - 525 + 117. What is the units digit of d?
2
Suppose -4*p + 7 = 3*t + 2, 2*t - 5*p = 34. Suppose 4*k + z = 3, 5*k + t*z - 1 = 3*z. What is the units digit of k?
1
Let c(q) be the second derivative of q**5/20 + 5*q**4/12 - 3*q**3/2 - 3*q**2 - 2*q. What is the tens digit of c(-6)?
1
Let j be -1 + 0/(-2) - -3. Suppose -j*w = -w - 6. Suppose -w*m = -m - 30. What is the units digit of m?
6
Let t(r) = r**3 - 9*r**2 - r + 11. Let p be t(9). What is the tens digit of (15 - p) + 0/(-6)?
1
Suppose 0 = 5*i - 3*i - 234. What is the units digit of i?
7
Let x(v) = v**3 + 10*v**2 + 3*v - 4. What is the units digit of x(-8)?
0
Let r(l) = 55*l**3 + l**2 - 8*l + 6. What is the units digit of r(1)?
4
Suppose 4*i + 16 = -3*y, -4 + 0 = -4*y + i. Suppose y = -3*v + 25 - 7. What is the units digit of v?
6
Suppose 9*x - 25 = 4*x, 5*x - 25 = -h. What is the units d